 the greatest common divisor of 33 and n?
33
Let t(b) = 2 - 6*b + 3*b - 5*b. Let h be t(-2). What is the highest common divisor of 6 and h?
6
Let v = -263 - -368. What is the highest common divisor of 15 and v?
15
Let j = 72 + -45. Calculate the greatest common factor of j and 36.
9
Let h(a) = 7*a - 1. Let v be h(3). Calculate the highest common divisor of 8 and v.
4
Let i(k) = -5*k - 2. Let h = -3 + 6. Let m = 0 - h. Let n be i(m). What is the highest common factor of n and 143?
13
Let y = -7 - -5. Let h be (-5)/2*(y + -24). Calculate the greatest common factor of 26 and h.
13
Suppose 0*r - 3*c = 3*r + 45, r + 4*c = -18. Let m = 84 + r. What is the greatest common factor of m and 10?
10
Suppose 5*x - 15 = -4*z, 5 = 3*x - 4*z - 4. Let j = 0 + x. Suppose 160 = 2*s + j*s. Calculate the greatest common divisor of s and 4.
4
Suppose -2 = -2*g - 2*s, 0*g - 2*s = 5*g - 20. What is the highest common factor of g and 2?
2
Suppose -d - 35 = 23. Let t be d/(-6)*6/2. Calculate the highest common divisor of t and 29.
29
Suppose n - 2*o - 2 = 0, -2*n + 8 = n - 5*o. What is the highest common factor of 30 and n?
6
Let o(k) = -k**2 - 14*k - 11. Let v be o(-11). Let j be ((-110)/(-4))/(2/4). What is the greatest common factor of j and v?
11
Let d(a) be the second derivative of 3*a**4/4 + 2*a**3/3 - 4*a**2 - a. Let b be d(4). Calculate the highest common divisor of 19 and b.
19
Suppose -28 = 2*y - 76. Calculate the greatest common divisor of 48 and y.
24
Let y(f) = f - 4. Let u be y(6). Suppose 0 = u*v + 2*v - 20. Calculate the greatest common divisor of 1 and v.
1
Suppose -2*x = -7*u + 2*u + 33, -2*u + 4*x = -26. Let p = -16 + 31. Suppose 4*a - p = u. Calculate the highest common divisor of a and 20.
5
Let u(l) = -5*l. Let y be u(-2). Suppose 2*q + 3*s - 5*s - 228 = 0, -2*q - 5*s = -200. Calculate the highest common factor of y and q.
10
Let y(m) = -7*m**2 - 4 + 5*m**2 + m**3 - 2*m + 5*m. Let k be y(3). What is the greatest common factor of 56 and k?
14
Suppose 5*x - 2*u + 24 = 0, -7*u + 2 = x - 4*u. Let j be 7*2 - (-8)/x. Calculate the greatest common divisor of j and 48.
12
Suppose -3*t = -0*t - 9. Suppose -2*a + 57 = -t*a. Let h = a + 99. Calculate the greatest common factor of 105 and h.
21
Let r be (-20)/150*10*138/(-4). Calculate the greatest common divisor of 115 and r.
23
Let n be (-17)/(-1) + 1 + -2. Suppose 0 = -4*h - 0*h + n. Let t(l) = l**2 - 12*l + 15. Let s be t(11). Calculate the greatest common factor of s and h.
4
Suppose 39 = 5*q - 201. Calculate the greatest common divisor of q and 32.
16
Suppose 0*p = -2*p + 128. Let w be 22*(-1)/(3/(-6)). Suppose k = 5*k + m - 36, -5*m = 3*k - w. Calculate the highest common factor of p and k.
8
Suppose 2*o = -5*y + 28 - 0, 0 = y - 2. Let f be (-55)/(-3) + (-4)/12. Calculate the highest common divisor of o and f.
9
Let b(v) = -39*v - 2. Let m be b(2). Let p = -40 - m. What is the highest common factor of p and 8?
8
Let t = 16 - 7. Let z = t + 4. Suppose 2*b - 143 - 39 = 0. What is the greatest common factor of z and b?
13
Let t(h) = -2*h**3 + 36*h**2 + 9*h - 27. Let o be t(18). Let p(d) = d**3 - d**2 + d + 15. Let w be p(0). Calculate the highest common divisor of o and w.
15
Let c(x) = x**3 - 12*x**2 + 2*x + 16. Let b be c(12). What is the greatest common divisor of 8 and b?
8
Suppose p + s - 7 = 0, -3*s = -p - 2*s - 1. Calculate the highest common factor of p and 27.
3
Let h = -10 - -15. Let l(c) = 2*c**3 - 6*c**2 + 3*c - 3. Let s be l(h). Calculate the greatest common divisor of 14 and s.
14
Let q = 26 - 9. What is the highest common factor of q and 68?
17
Suppose 6*d - 80 = 5*d. Let o(k) = k**3 + 5*k**2 - 2. Let b be o(-2). What is the highest common factor of d and b?
10
Let p(r) = -r + 6. Let g be p(6). Let c be 106 + (-1 - g - 0). Let f = 3 + 12. What is the greatest common factor of f and c?
15
Suppose -5*w = 4*w - 288. What is the greatest common divisor of 16 and w?
16
Suppose 0 = l + 4*l - 195. Let n be (-39)/26*76/(-2). Let h = n - l. Calculate the highest common divisor of 198 and h.
18
Let k = -120 - -276. Let f be k/(-2)*2/(-4). Suppose 6*z - f = 3*z. What is the greatest common factor of z and 26?
13
Let h be (-7)/(14/76) + 2. Let b be (-5)/(1 + h/32). What is the greatest common divisor of 8 and b?
8
Let s = 250 - 170. Let v(r) = -r**3 - 7*r**2 + r + 5. Let b be v(-7). Let p be (b - -50)*3/9. What is the highest common factor of s and p?
16
Let b be 1/(12/(-4) + 1516/504). Let t = -8 - -26. What is the greatest common factor of t and b?
18
Suppose -4*c + m = -144 - 5, -4*c = -5*m - 169. Suppose b - 3*b = -c. What is the highest common factor of b and 2?
2
Suppose 0 = 4*w - 3*w - 23. Let b be w*(-3)/(12/(-44)). What is the greatest common divisor of 23 and b?
23
Suppose r + 3*r - 5*t = 25, -4*t = -12. What is the greatest common factor of r and 5?
5
Suppose -y = -4, 2*x - 6*x + 160 = 4*y. Suppose 3*h - x + 15 = 0. Let a = 11 - h. Calculate the highest common factor of a and 28.
4
Let s = 90 + -82. What is the highest common divisor of 2 and s?
2
Let j be 3/15 - (-1079)/5. Suppose 6*o - j = 2*o. What is the highest common divisor of o and 9?
9
Suppose 11 - 7 = 2*u. Let f = -7 - -17. Calculate the greatest common factor of u and f.
2
Let c = 40 + -26. Let p(l) = -l**3 + l**2 + l + 5. Let n be p(0). Suppose 113 = -2*i + n*i - 2*t, 5*i - 171 = -t. What is the highest common factor of c and i?
7
Suppose 0 = -0*i - 2*i + 56. Suppose 2*a = i + 72. Calculate the highest common factor of 10 and a.
10
Suppose 4*l + 154 - 38 = 4*z, -4*l + 3*z - 115 = 0. Let r = 68 - l. Suppose 0*p = 2*p - 4, 3*h - 3*p - 30 = 0. Calculate the highest common divisor of h and r.
12
Suppose 132 = -37*r + 41*r. What is the greatest common divisor of r and 297?
33
Suppose -4*h = 4*q + 3 - 23, -2*h = -3*q + 10. What is the greatest common divisor of 16 and q?
4
Let g(f) = -2*f + 19. Let u be g(5). Calculate the highest common factor of 9 and u.
9
Let w be 4 + ((-133)/(-28) - 3/4). What is the highest common factor of w and 40?
8
Suppose -4 = s, 0*n - 3*n + 30 = -3*s. Suppose -o - o + n = 0. What is the highest common divisor of 3 and o?
3
Let v(i) = 6*i - 1. Let q be v(5). Suppose -2*d = -q + 5. Let g(n) = -19*n - 6. Let w be g(-6). Calculate the greatest common divisor of d and w.
12
Suppose -2*j + 8 = -34. Let x = j + -9. What is the greatest common divisor of x and 132?
12
Suppose -19*n = -65 - 11. What is the greatest common divisor of n and 6?
2
Let o = 7 + -3. Suppose 0 = 3*f + 4*v - 314, 0*v + 78 = f - o*v. Suppose 0*z - 3*z = -42. What is the greatest common factor of f and z?
14
Suppose -4*x + 137 = -91. Calculate the greatest common divisor of 38 and x.
19
Let p = -24 - -36. What is the greatest common factor of 84 and p?
12
Suppose 7*i = 3*i + 48. Suppose 2*x - 24 = -0. Calculate the greatest common factor of i and x.
12
Let l be (-336)/(-18)*9/6. What is the highest common factor of 98 and l?
14
Let f be ((-135)/10)/((-3)/6). Let a = f + -26. Suppose -2 = q - 3*q. Calculate the highest common factor of a and q.
1
Suppose -4*g - h + 29 = 1, -5*g - 2*h + 32 = 0. Let a(b) = -b**2 + 21*b - 38. Let q be a(18). Calculate the highest common factor of q and g.
8
Let o(z) = 30*z**2. Suppose -4*n + 9*n - 5 = 0. Let q be o(n). Suppose -a - 4*a + 64 = -4*u, 2*u + 14 = a. What is the highest common divisor of q and a?
6
Suppose 17 = 5*s + 3*r, 4*r - 18 = 2*s - 4*s. Let l be (-2)/(s - 17/15). Calculate the greatest common factor of l and 75.
15
Suppose 4*p + 4*x - 20 = 0, x - 14 = -3*p + 5. Calculate the greatest common factor of 2 and p.
1
Suppose 180 = 4*r - 0*r. Suppose -6*c = -10*c + 72. Calculate the highest common divisor of r and c.
9
Suppose -2*v + 4 = 2*v. Let d be -2 - (v - 3) - -11. Calculate the greatest common factor of 11 and d.
11
Let k = -33 + 66. Let i = k - 23. Calculate the greatest common divisor of i and 5.
5
Let b(m) = 16*m + 9. Let s be b(7). Suppose 5*v = 73 - 18. Calculate the highest common factor of s and v.
11
Let i(c) = c**2 - 4. Let k = 7 + -3. Let s be i(k). Suppose p - o = 77 + 24, -293 = -3*p + o. What is the highest common factor of p and s?
12
Let a be 68/18 - (-8)/36. Calculate the highest common divisor of a and 28.
4
Let h be (-1000)/(-55) + (-4)/22. Let z = -1 + 1. Suppose z*j + h =